{"id":807,"date":"2011-01-09T19:43:27","date_gmt":"2011-01-09T17:43:27","guid":{"rendered":"http:\/\/www.viinanen.org\/wordpress\/?page_id=807"},"modified":"2021-02-21T10:23:41","modified_gmt":"2021-02-21T08:23:41","slug":"chilipaivakirja","status":"publish","type":"page","link":"https:\/\/viinanen.org\/wordpress\/chilipaivakirja\/","title":{"rendered":"Chilip\u00e4iv\u00e4kirja"},"content":{"rendered":"<p><a href=\"http:\/\/www.viinanen.org\/wordpress\/wp-content\/uploads\/2011\/01\/nagamorich.jpg\"><img loading=\"lazy\" decoding=\"async\" class=\"alignleft size-full wp-image-1113\" title=\"nagamorich\" src=\"http:\/\/www.viinanen.org\/wordpress\/wp-content\/uploads\/2011\/01\/nagamorich.jpg\" alt=\"\" width=\"346\" height=\"700\" srcset=\"https:\/\/viinanen.org\/wordpress\/wp-content\/uploads\/2011\/01\/nagamorich.jpg 346w, https:\/\/viinanen.org\/wordpress\/wp-content\/uploads\/2011\/01\/nagamorich-148x300.jpg 148w, https:\/\/viinanen.org\/wordpress\/wp-content\/uploads\/2011\/01\/nagamorich-247x500.jpg 247w\" sizes=\"auto, (max-width: 346px) 100vw, 346px\" \/><\/a>T\u00e4m\u00e4n otsakkeen alla tulen s\u00e4\u00e4nn\u00f6llisen ep\u00e4s\u00e4\u00e4nn\u00f6llisesti kertoilemaan kaikesta chiliharrastukseeni liittyv\u00e4st\u00e4. Kokemusta chileist\u00e4 on kertynyt jo yli vuosikymmenen ajan.<\/p>\n<p><a href=\"https:\/\/viinanen.org\/wordpress\/?cat=110\">Chilip\u00e4iv\u00e4kirja 2020<\/a><br \/>\n<a href=\"https:\/\/viinanen.org\/wordpress\/?cat=106\">Chilip\u00e4iv\u00e4kirja 2017<\/a><br \/>\n<a href=\"https:\/\/viinanen.org\/wordpress\/?cat=104\">Chilip\u00e4iv\u00e4kirja 2016<\/a><br \/>\n<a href=\"https:\/\/viinanen.org\/wordpress\/?cat=94\">Chilip\u00e4iv\u00e4kirja 2015<\/a><br \/>\n<a href=\"http:\/\/www.viinanen.org\/wordpress\/?cat=89\">Chilip\u00e4iv\u00e4kirja 2014<\/a><br \/>\n<a href=\"http:\/\/www.viinanen.org\/wordpress\/?cat=82\">Chilip\u00e4iv\u00e4kirja 2013<\/a><br \/>\n<a title=\"Chilip\u00e4iv\u00e4kirja 2012\" href=\"http:\/\/www.viinanen.org\/wordpress\/?cat=52\">Chilip\u00e4iv\u00e4kirja 2012<\/a><br \/>\n<a title=\"Chilip\u00e4iv\u00e4kirja 2011\" href=\"http:\/\/www.viinanen.org\/wordpress\/?cat=47\">Chilip\u00e4iv\u00e4kirja 2011<\/a><\/p>\n","protected":false},"excerpt":{"rendered":"<p>T\u00e4m\u00e4n otsakkeen alla tulen s\u00e4\u00e4nn\u00f6llisen ep\u00e4s\u00e4\u00e4nn\u00f6llisesti kertoilemaan kaikesta chiliharrastukseeni liittyv\u00e4st\u00e4. Kokemusta chileist\u00e4 on kertynyt jo yli vuosikymmenen ajan. Chilip\u00e4iv\u00e4kirja 2020 Chilip\u00e4iv\u00e4kirja 2017 Chilip\u00e4iv\u00e4kirja 2016 Chilip\u00e4iv\u00e4kirja 2015 Chilip\u00e4iv\u00e4kirja 2014 Chilip\u00e4iv\u00e4kirja 2013 Chilip\u00e4iv\u00e4kirja 2012 Chilip\u00e4iv\u00e4kirja 2011<\/p>\n","protected":false},"author":1,"featured_media":0,"parent":0,"menu_order":0,"comment_status":"open","ping_status":"open","template":"","meta":{"footnotes":""},"class_list":["post-807","page","type-page","status-publish","hentry"],"_links":{"self":[{"href":"https:\/\/viinanen.org\/wordpress\/wp-json\/wp\/v2\/pages\/807","targetHints":{"allow":["GET"]}}],"collection":[{"href":"https:\/\/viinanen.org\/wordpress\/wp-json\/wp\/v2\/pages"}],"about":[{"href":"https:\/\/viinanen.org\/wordpress\/wp-json\/wp\/v2\/types\/page"}],"author":[{"embeddable":true,"href":"https:\/\/viinanen.org\/wordpress\/wp-json\/wp\/v2\/users\/1"}],"replies":[{"embeddable":true,"href":"https:\/\/viinanen.org\/wordpress\/wp-json\/wp\/v2\/comments?post=807"}],"version-history":[{"count":18,"href":"https:\/\/viinanen.org\/wordpress\/wp-json\/wp\/v2\/pages\/807\/revisions"}],"predecessor-version":[{"id":2375,"href":"https:\/\/viinanen.org\/wordpress\/wp-json\/wp\/v2\/pages\/807\/revisions\/2375"}],"wp:attachment":[{"href":"https:\/\/viinanen.org\/wordpress\/wp-json\/wp\/v2\/media?parent=807"}],"curies":[{"name":"wp","href":"https:\/\/api.w.org\/{rel}","templated":true}]}}